e number?
False
Is 21015058 composite?
True
Is 216308657 composite?
False
Is 417089 composite?
False
Is 93157693 composite?
True
Is 3784981 a composite number?
True
Is 27054887 a composite number?
False
Is 5114047 a prime number?
True
Is 1319803 a prime number?
True
Is 1908789 a prime number?
False
Is 780210151 a prime number?
False
Is 178282331 composite?
False
Is 113160569 composite?
False
Is 1549099 a composite number?
False
Is 421746233 composite?
False
Is 31610819 prime?
False
Is 376143707 composite?
True
Is 7979393 a composite number?
True
Is 643183 a composite number?
False
Is 3099203 composite?
False
Is 23434701 prime?
False
Is 306083 composite?
False
Is 32314411 a prime number?
True
Is 910483 prime?
False
Is 99331079 a composite number?
False
Is 155249233 a composite number?
True
Is 62081891 a prime number?
True
Is 13750697 a prime number?
True
Is 120005437 prime?
True
Is 141023489 a composite number?
False
Is 32924989 composite?
False
Is 23418653 a prime number?
True
Is 1906943 a composite number?
True
Is 32328089 a composite number?
False
Is 1859999 a prime number?
True
Is 3249833 a composite number?
False
Is 1394905 composite?
True
Is 3547069 a prime number?
True
Is 64397441 a composite number?
True
Is 102766297 a prime number?
True
Is 119971 prime?
True
Is 5420869 a prime number?
False
Is 1467493 composite?
False
Is 263447 composite?
True
Is 54246943 composite?
False
Is 37817067 a prime number?
False
Is 28162193 a composite number?
False
Is 50822693 a prime number?
True
Is 6565543 prime?
True
Is 5297843 prime?
False
Is 4784171 composite?
True
Is 43643373 composite?
True
Is 11058139 a prime number?
False
Is 89432923 a composite number?
True
Is 8334623 a prime number?
False
Is 3094517 a composite number?
True
Is 2193239 a prime number?
True
Is 11806946 composite?
True
Is 2024783 composite?
True
Is 96686183 composite?
True
Is 135644939 composite?
False
Is 3467999 prime?
True
Is 235670987 composite?
False
Is 234041359 a prime number?
True
Is 1044389 prime?
False
Is 63826457 prime?
True
Is 4340599 a prime number?
True
Is 943223 a prime number?
False
Is 1014029 prime?
True
Is 24884533 composite?
False
Is 2925679 a composite number?
False
Is 10546973 composite?
False
Is 3907697 a composite number?
True
Is 3914503 prime?
True
Is 2579624069 a prime number?
False
Is 2410153 prime?
True
Is 53303799 composite?
True
Is 22796767 composite?
True
Is 16246999 a prime number?
True
Is 19086409 a prime number?
True
Is 396111847 a composite number?
False
Is 133505767 composite?
False
Is 5311217 a composite number?
False
Is 240038471 a prime number?
True
Is 99379403 a composite number?
False
Is 2056285029 a prime number?
False
Is 17950607 prime?
True
Is 144128063 prime?
True
Is 145687007 a prime number?
True
Is 101545349 a composite number?
False
Is 5408309 composite?
False
Is 445030501 a prime number?
True
Is 4170623 composite?
True
Is 24757597 a composite number?
False
Is 12917471 composite?
True
Is 61409039 a composite number?
True
Is 151476071 composite?
False
Is 633449 composite?
False
Is 350657 prime?
True
Is 50533649 prime?
True
Is 125665378 a composite number?
True
Is 1879351 prime?
True
Is 147254645 composite?
True
Is 5933563 a composite number?
True
Is 39204343 composite?
False
Is 26424053 a composite number?
False
Is 16449949 prime?
True
Is 222871 composite?
True
Is 131809 prime?
False
Is 31887629 prime?
True
Is 274740721 prime?
False
Is 1370035 a prime number?
False
Is 28675103 prime?
False
Is 123108603 a composite number?
True
Is 3949849 a composite number?
False
Is 797483 a prime number?
False
Is 147373 a composite number?
True
Is 19550659 a composite number?
False
Is 13026883 composite?
False
Is 2327927 a composite number?
True
Is 266980691 prime?
True
Is 4356671 a prime number?
False
Is 159400201 composite?
False
Is 79631507 composite?
True
Is 18492059 a composite number?
False
Is 5033555 composite?
True
Is 2413679 a composite number?
False
Is 2035343 prime?
True
Is 1160867 composite?
False
Is 880837 prime?
False
Is 55493887 a composite number?
True
Is 230190133 a composite number?
True
Is 109037249 prime?
False
Is 16036759 a composite number?
True
Is 200180771 composite?
True
Is 24520565 a prime number?
False
Is 62674999 prime?
False
Is 33692501 a prime number?
True
Is 1692269 a prime number?
False
Is 4153011 a prime number?
False
Is 293564311 composite?
True
Is 479043583 composite?
True
Is 15318031 prime?
False
Is 3269635 prime?
False
Is 809097791 prime?
True
Is 2737583 composite?
False
Is 5248613 a composite number?
True
Is 60824017 composite?
True
Is 156691477 a composite number?
False
Is 13200685 a composite number?
True
Is 3998573 composite?
True
Is 119267639 a prime number?
True
Is 30105641 prime?
False
Is 12388547 composite?
False
Is 246740461 prime?
False
Is 25844911 composite?
False
Is 12829873 a composite number?
True
Is 52465187 composite?
True
Is 281836003 a prime number?
True
Is 109717 a composite number?
False
Is 435214099 a prime number?
True
Is 6912391 composite?
True
Is 3263938 a composite number?
True
Is 108534889 prime?
False
Is 194966269 a prime number?
True
Is 3975047 composite?
True
Is 18447679 a composite number?
True
Is 3413321 a composite number?
False
Is 2322401 prime?
True
Is 23106163 a prime number?
False
Is 5429621 composite?
False
Is 67411837 prime?
True
Is 195801589 a prime number?
False
Is 12791869 a prime number?
True
Is 16153373 a prime number?
True
Is 7018259 a composite number?
False
Is 30331963 a composite number?
True
Is 40291 a composite number?
True
Is 123851833 prime?
False
Is 57317179 prime?
True
Is 950921 a composite number?
False
Is 4244189 prime?
False
Is 569489 prime?
False
Is 301199203 a prime number?
False
Is 40598021 composite?
True
Is 162974023 a composite number?
False
Is 6302003 composite?
False
Is 48537211 a composite number?
False
Is 85318067 a prime number?
True
Is 7147754 a composite number?
True
Is 2404289 a prime number?
True
Is 2307229 prime?
True
Is 4176307 a prime number?
True
Is 8725069 a composite number?
True
Is 50111773 prime?
True
Is 9214027 a prime number?
True
Is 9519833 prime?
False
Is 50040379 prime?
True
Is 81154081 a prime number?
True
Is 19054027 a composite number?
False
Is 325447459 a composite number?
False
Is 99296207 a prime number?
True
Is 2328533 a prime number?
True
Is 164847 a prime number?
False
Is 22884371 prime?
True
Is 19693537 a prime number?
True
Is 27720155 a prime number?
False
Is 1743493 a prime number?
False
Is 427781653 prime?
False
Is 2759213 a prime number?
False
Is 19230773 a composite number?
True
Is 47784889 composite?
True
Is 6723919 a prime number?
False
Is 78479 a prime number?
True
Is 616991 a prime number?
True
Is 109024229 prime?
True
Is 26245526 prime?
False
Is 110040107 a prime number?
True
Is 849622 composite?
True
Is 10104839 composite?
False
Is 42259589 prime?
True
Is 4025627 a composite number?
False
Is 138401 a prime number?
True
Is 8998519 composite?
False
Is 419203 a composite number?
True
Is 2656301 prime?
False
Is 282758027 a prime number?
True
Is 20262493 a prime number?
False
Is 19374907 a composite number?
True
Is 31041763 composite?
True
Is 11349631 a composite number?
True
Is 1818811 composite?
True
Is 69138679 composite?
False
Is 225871949 a composite number?
False
Is 2390653 a prime number?
True
Is 1372838551 a composite number?
True
Is 48285371 a composite number?
False
Is 17314511 a prime number?
True
Is 147833341 composite?
False
Is 9056533 composite?
True
Is 23634037 a composite number?
True
Is 26427629 a composite number?
True
Is 54534149 a prime number?
False
Is 26170553 a prime number?
True
Is 557809 a prime number?
False
Is 47387359 prime?
True
Is 3227009 a prime number?
True
Is 12829343 composite?
True
Is 25252037 a prime number?
False
Is 8933917 prime?
True
Is 876181 composite?
False
Is 310521466 prime?
False
Is 1045927 prime?
False
Is 42623947 a prime number?
False
Is 504550963 a prime number?
False
Is 21270833 a composite number?
True
Is 1639061 a composite number?
False
Is 25276777 a prime number?
False
Is 71009 a composite number?
True
Is 256049 composite?
False
Is 20715083 prime?
False
Is 527011 a composite number?
True
Is 89205733 a composite number?
False
Is 637053823 a prime number?
False
Is 6